{"id":14,"date":"2023-10-07T11:31:11","date_gmt":"2023-10-07T09:31:11","guid":{"rendered":"https:\/\/paulcamus.fr\/?page_id=14"},"modified":"2023-11-22T14:19:38","modified_gmt":"2023-11-22T13:19:38","slug":"revue-de-presse","status":"publish","type":"page","link":"https:\/\/paulcamus.fr\/index.php\/revue-de-presse\/","title":{"rendered":"Revue de presse"},"content":{"rendered":"\n<p><\/p>\n\n\n\n<p><strong><em>\u00ab&nbsp;Le Petit Marseillais&nbsp;\u00bb<\/em><\/strong><strong>&nbsp;du 26 janvier 1939<\/strong><\/p>\n\n\n\n<p><strong>JAUJAC \u2013 \u0152uvre posthume&nbsp;<\/strong><\/p>\n\n\n\n<p>La poste vient de distribuer \u00e0 domicile, aux collaborateurs et aux souscripteurs fid\u00e8les, du pr\u00e9cieux ouvrage Saint-Martial-en-Bouti\u00e8res et la Seigneurie de Fourchades, le tome IV qui sort des presses albenassiennes. Malheureusement, l\u2019auteur, M. Paul Camus, conseiller g\u00e9n\u00e9ral pr\u00e9sident de la commission d\u00e9partementale, est d\u00e9c\u00e9d\u00e9 le 4 juillet dernier&nbsp;; ce fut une immense perte pour l\u2019\u0153uvre historique de notre Vivarais. Une faible consolation nous parvient en la parution de ce 4<sup>e<\/sup>&nbsp;volume&nbsp;; l\u2019auteur avant de mourir avait pu porter \u00e0 l\u2019imprimerie et mettre au point le tome V dont l\u2019impression suivra dans quelques temps.<\/p>\n\n\n\n<p>Tous les bibliophiles sauront gr\u00e9 \u00e0 Mme Veuve Camus d\u2019avoir courageusement assum\u00e9 la lourde t\u00e2che d\u2019en corriger les \u00e9preuves et de financer cette op\u00e9ration d\u00e9ficitaire. Ses admirateurs ont propos\u00e9 cet ouvrage pour le prix Mazon et on avait promis le prix Villard lorsque les 5 tomes seraient parus. Donner un compte rendu motiv\u00e9 de ces quelques 330 pages n\u00e9cessite une lecture tr\u00e8s attentive occupant plusieurs journ\u00e9es, mais nous savons, par l\u2019examen approfondi des pr\u00e9c\u00e9dentes et le contr\u00f4le de beaucoup de ses nombreuses sources que l\u2019auteur travaillait avec une probit\u00e9 et une pr\u00e9cision excessivement rares aujourd\u2019hui.<\/p>\n\n\n\n<p>&nbsp;<strong><em>\u00ab&nbsp;Le Nouvelliste&nbsp;\u00bb<\/em><\/strong><strong>&nbsp;du 31 janvier 1939<\/strong><\/p>\n\n\n\n<p>&nbsp;&nbsp;&nbsp; &nbsp;&nbsp;&nbsp; &nbsp;&nbsp;&nbsp; Nous sommes heureux d\u2019annoncer \u00e0 nos lecteurs la parution, \u00e9dit\u00e9e par l\u2019Imprimerie Habauzit, \u00e0 Aubenas, du tome quatri\u00e8me de&nbsp;<em>l\u2019Histoire de Saint-Martial en Bouti\u00e8res et de la<\/em>&nbsp;<em>Seigneurie de Fourchades<\/em>, par M. Paul Camus.<br>&nbsp;&nbsp;&nbsp;&nbsp;&nbsp;&nbsp;&nbsp;&nbsp;&nbsp;&nbsp;&nbsp;&nbsp;A cette \u0153uvre historique de premier plan notre regrett\u00e9 compatriote a consacr\u00e9 le labeur de toute une vie.<br>&nbsp;&nbsp;&nbsp;&nbsp;&nbsp;&nbsp;&nbsp;&nbsp;&nbsp;&nbsp;&nbsp;&nbsp;Interpr\u00e9tant et scrutant avec la patience d\u2019un b\u00e9n\u00e9dictin et la comp\u00e9tence \u00e9clair\u00e9e d\u2019un chartiste les pr\u00e9cieux manuscrits conserv\u00e9s au cours des si\u00e8cles dans sa vieille demeure de Tautilhac, il a su faire revivre sous nos yeux \u00e0 travers les \u00e2ges, avec ses m\u0153urs et ses coutumes, avec l\u2019histoire et la g\u00e9n\u00e9alogie de ses familles les plus marquantes, un coin de notre terre c\u00e9venole.<\/p>\n\n\n\n<p>&nbsp;&nbsp;&nbsp;&nbsp;&nbsp;&nbsp;&nbsp;&nbsp;&nbsp;&nbsp;&nbsp;&nbsp;Cet ouvrage remarquable, \u00e0 qui vient d\u2019\u00eatre attribu\u00e9 par l\u2019Acad\u00e9mie du Vivarais le prix Mazon, d\u00e9cern\u00e9 en cette circonstance pour la premi\u00e8re fois, prendra place comme un des plus beaux monuments de notre histoire locale, \u00e0 c\u00f4t\u00e9 de l\u2019\u0153uvre du Marquis de Vogu\u00eb et de celle du docteur Francus.<\/p>\n\n\n\n<p>&nbsp;&nbsp;&nbsp;&nbsp;&nbsp;&nbsp;&nbsp;&nbsp;&nbsp;&nbsp;&nbsp;&nbsp;M. Paul Camus vivra dans la m\u00e9moire et dans le c\u0153ur de ses compatriotes.<strong><em><br><br>\u00ab Terre Vivaroise &#8211; L&rsquo;hebdo de l&rsquo;Ard\u00e8che<\/em><\/strong><strong><em>&nbsp;\u00bb&nbsp;<\/em>du 28 octobre 2005<br><\/strong><\/p>\n\n\n\n<p><strong>\u00ab\u00a0Un tr\u00e9sor d&rsquo;histoire locale r\u00e9\u00e9dit\u00e9\u00a0\u00bb<\/strong><br><strong><\/strong><strong><br><em><\/em><\/strong><\/p>\n\n\n\n<p>&nbsp;L\u2019association \u00ab&nbsp;Les amis de Paul CAMUS&nbsp;\u00bb fond\u00e9e par les descendants de cet illustre historien r\u00e9gional de l\u2019Ard\u00e8che vient d\u2019achever son travail pour la r\u00e9\u00e9dition de son principal ouvrage, paru entre 1927 et 1943 (5 tomes)&nbsp;:<\/p>\n\n\n\n<p>&nbsp;<br>Cet ouvrage remarquable nous conte l\u2019histoire \u00e0 travers les si\u00e8cles de Saint-Martial village de la r\u00e9gion des Bouti\u00e8res, aux confins de l\u2019Ard\u00e8che et de la Haute-Loire.<\/p>\n\n\n\n<p>&nbsp;Paul CAMUS a su y faire revivre \u00e0 travers les \u00e2ges, avec ses m\u0153urs et ses coutumes, avec l\u2019histoire et la g\u00e9n\u00e9alogie de ses familles les plus marquantes, un coin de notre terre c\u00e9venole.<\/p>\n\n\n\n<p>&nbsp;Son oeuvre contient notamment des \u00e9tudes sur les seigneurs du M\u00e9zenc, les seigneurs et les coseigneurs de Fourchades, et sur les anciennes familles nobles ou de notaires du pays&nbsp;: Blanc de Molines, d\u2019Abrigeon, d\u2019Allard, du Chier, Falcon, d\u2019Hautefort, Lavalette, de Lestrange, Sauverzac\u2026, ainsi que sur la Combe du Pradal, le monast\u00e8re Saint-Chaffre, l\u2019abbaye de Bonnefoy, et les principaux \u00e9v\u00e8nements et la situation \u00e9conomique et morale de la r\u00e9gion.<\/p>\n\n\n\n<p>Cette nouvelle \u00e9dition, qui conserve les dessins originaux de l\u2019auteur,&nbsp;&nbsp;est pr\u00e9sent\u00e9e en 3 volumes indivisibles&nbsp;comprenant les 5 tomes augment\u00e9s de l\u2019\u00e9bauche du tome 6, avec les deux \u00e9tudes sur \u00ab&nbsp;Le Grand Chan\u00e9ac&nbsp;\u00bb et \u00ab&nbsp;Un prieur vivarois au XVII<sup>\u00e8me<\/sup>&nbsp;si\u00e8cle \u2013 Louis de Tautilhac&nbsp;&nbsp;\u00bb, publi\u00e9es en leur temps dans la Revue du Vivarais.<\/p>\n\n\n\n<p>&nbsp;St Martial et Fourchades, \u00e0 qui a \u00e9t\u00e9 attribu\u00e9 par l\u2019Acad\u00e9mie du Vivarais le Prix Mazon en 1939, d\u00e9cern\u00e9 en cette circonstance pour la premi\u00e8re fois, est devenu l\u2019un des plus beaux monuments de notre histoire locale, \u00e0 c\u00f4t\u00e9 de l\u2019\u0153uvre du Marquis de Vogu\u00eb et de celle du docteur Francus.<\/p>\n","protected":false},"excerpt":{"rendered":"<p>\u00ab&nbsp;Le Petit Marseillais&nbsp;\u00bb&nbsp;du 26 janvier 1939 JAUJAC \u2013 \u0152uvre posthume&nbsp; La poste vient de distribuer \u00e0 domicile, aux collaborateurs et aux souscripteurs fid\u00e8les, du pr\u00e9cieux ouvrage Saint-Martial-en-Bouti\u00e8res et la Seigneurie de Fourchades, le tome IV qui sort des presses albenassiennes. Malheureusement, l\u2019auteur, M. Paul Camus, &hellip; <\/p>\n","protected":false},"author":1,"featured_media":0,"parent":0,"menu_order":5,"comment_status":"closed","ping_status":"closed","template":"","meta":{"footnotes":""},"class_list":["post-14","page","type-page","status-publish","hentry"],"_links":{"self":[{"href":"https:\/\/paulcamus.fr\/index.php\/wp-json\/wp\/v2\/pages\/14","targetHints":{"allow":["GET"]}}],"collection":[{"href":"https:\/\/paulcamus.fr\/index.php\/wp-json\/wp\/v2\/pages"}],"about":[{"href":"https:\/\/paulcamus.fr\/index.php\/wp-json\/wp\/v2\/types\/page"}],"author":[{"embeddable":true,"href":"https:\/\/paulcamus.fr\/index.php\/wp-json\/wp\/v2\/users\/1"}],"replies":[{"embeddable":true,"href":"https:\/\/paulcamus.fr\/index.php\/wp-json\/wp\/v2\/comments?post=14"}],"version-history":[{"count":2,"href":"https:\/\/paulcamus.fr\/index.php\/wp-json\/wp\/v2\/pages\/14\/revisions"}],"predecessor-version":[{"id":16,"href":"https:\/\/paulcamus.fr\/index.php\/wp-json\/wp\/v2\/pages\/14\/revisions\/16"}],"wp:attachment":[{"href":"https:\/\/paulcamus.fr\/index.php\/wp-json\/wp\/v2\/media?parent=14"}],"curies":[{"name":"wp","href":"https:\/\/api.w.org\/{rel}","templated":true}]}}